pose -620 = -4*c + 596. Calculate the greatest common divisor of c and 228.
76
Suppose j - 2 = -0. Suppose -j*g = -4*g. Suppose g = -4*s + 88 - 20. What is the greatest common factor of 119 and s?
17
Let f be (-1)/3 + 57/9. Let b(h) = -4*h - 56. Let u be b(-26). Let y = 78 - u. Calculate the greatest common divisor of y and f.
6
Let p(r) = -r**3 - 30*r**2 + 156*r + 55. Let o be p(-35). What is the highest common factor of o and 20?
20
Let y be ((-3)/15)/(8/(-1900))*2. What is the greatest common factor of y and 76?
19
Suppose 2305 = 7*v - 2*v. Suppose -2*u + v = 2*n - 3*u, -3*n - 3*u = -705. Calculate the greatest common factor of n and 29.
29
Suppose -2*g - 5 = 3, 4*g + 18 = 2*p. Let v(h) = -7*h**3 + 1. Let b be v(p). Let j = b - -15. Calculate the highest common factor of j and 81.
9
Let x be 56 - 2/(-4)*-2. Suppose 5*u = 2*u - 63. Let m be ((-12)/u)/((-4)/(-154)). What is the highest common divisor of m and x?
11
Let c(s) = -4*s**3 + 2*s**2 + 6*s + 8. Let u be c(-2). What is the highest common divisor of 276 and u?
12
Let a(d) = -d**3 - 17*d**2 - 10*d - 4. Let l(s) = -s. Let r(z) = -a(z) - 5*l(z). Let p be r(-16). Calculate the highest common factor of 4 and p.
4
Suppose 3*s + 5*u - 101 = 0, -2*s + 3*s = 3*u + 43. Calculate the highest common divisor of 148 and s.
37
Let o = -7 + 7. Suppose o = -v - v - 4, 276 = 5*a + 2*v. Calculate the greatest common factor of 42 and a.
14
Let j(z) = -13*z - 2. Let b be j(1). Let x be -4 - 3*40/b. Calculate the highest common factor of 6 and x.
2
Let i = 153 - 102. Suppose 0 = -5*r + 9 + i. What is the greatest common divisor of r and 16?
4
Let q be 15/10 + 3/(-2). Suppose q = -6*i + 3 + 51. Calculate the highest common divisor of i and 99.
9
Let v(j) = j**3 - 21*j**2 + 36*j + 73. Let r be v(19). Calculate the greatest common factor of r and 15.
5
Suppose 2*t + 324 = 4*t. Let c(s) = -s**2 + 30*s - 4. Let m be c(29). Suppose -w - m + 52 = 0. Calculate the highest common factor of w and t.
27
Let o be -1 + 252/10 + 28/(-140). Suppose -259 = -5*i + 2*r, 5*r = 4*i - 48 - 166. Let y = i - o. Calculate the highest common factor of y and 9.
9
Suppose 0*f - 46 = -3*b + 2*f, -30 = -2*b + 2*f. Let x be 80/3*192/40. Calculate the highest common divisor of b and x.
16
Let f(d) = 55*d**2 - 3*d - 4. Let r be f(3). Let u = r - 286. What is the greatest common factor of u and 49?
49
Let n(b) = b**3 - 7*b**2 - 13*b + 10. Let v be n(9). Suppose 0 = 2*r - c, -5*r = 3*c - 15 - 7. Let u = r - -20. What is the highest common divisor of u and v?
11
Suppose 82*w - 77*w - 10 = 0. Calculate the greatest common factor of w and 10.
2
Let b = 42 + 54. Suppose 2*j + 4*j = b. What is the greatest common factor of j and 32?
16
Suppose 5*c - 2*l = 134, -20 - 73 = -3*c - 3*l. Let h = -7 + 11. Let k be 194 + 2/h*4. Calculate the highest common divisor of k and c.
28
Let f(u) = u**3 + 9*u**2 - 42*u - 23. Let i be f(-12). Calculate the greatest common divisor of 35 and i.
7
Let g be -2*(-11 - 8)/((-2)/(-8)). Calculate the highest common factor of 19 and g.
19
Let p = -38 + 75. Let s be p/(-3) + (-6)/9. Let r = 21 + s. What is the highest common factor of 8 and r?
8
Suppose -4*g - 5*b = 95 - 310, -4*b - 38 = -g. Calculate the highest common factor of g and 10.
10
Suppose 86*h - 324 = 82*h. Calculate the greatest common divisor of 36 and h.
9
Let k(r) = 9*r**2 - 2*r + 1. Let c be k(-1). Calculate the highest common divisor of c and 164.
4
Let z(w) = 3*w + 192. Let n be z(-36). Calculate the greatest common factor of n and 21.
21
Let a = 104 - 90. Calculate the highest common factor of a and 1162.
14
Let u(n) = 3 - 4 + 56*n**2 + n - 21*n**2. Let t be u(1). What is the greatest common factor of 14 and t?
7
Let n = -224 + 227. Let d(g) = -g**2 - 4*g + 7. Let j be d(-5). Suppose n*c - j = c. What is the greatest common divisor of 2 and c?
1
Suppose -5*j = 2*f - 2098, -8*j + 2104 = -3*j - 4*f. What is the highest common divisor of j and 60?
60
Let f be 3 - 620/(5/1). Let l = 55 - f. Let n = -5 - -27. What is the greatest common factor of l and n?
22
Suppose 42 = n + y, -2*n = -3*n + 5*y + 60. Calculate the highest common factor of n and 30.
15
Suppose 5*m = c - 30, 2*m = 5*c + m - 30. Suppose 0 = -5*u + 25, 6*u = c*q + u - 15. Calculate the greatest common divisor of q and 56.
8
Let b = 168 + 294. What is the greatest common divisor of 42 and b?
42
Suppose 29*f = 13*f + 48. Suppose 0 = -4*s + 2*s + 2. Suppose 4*m - 64 = o + s, -f*m + 45 = 3*o. Calculate the highest common divisor of 40 and m.
8
Suppose 5*i - 5 - 2 = q, -q = 4*i - 2. Let h(n) = 43*n**3 + 3*n**2 - 2. Let m be h(i). What is the highest common divisor of m and 11?
11
Let c(o) = -6*o - 14. Let v be c(3). Let y be v/(-6)*36/16. Suppose 2*i + x - 11 = 1, -5*i - 4*x + 24 = 0. What is the greatest common factor of y and i?
4
Suppose t - 15 = 4*w - 1, 0 = -4*t + 3*w + 17. Suppose -t*f + 30 = -5*v, f - 6*f + 75 = -3*v. What is the greatest common divisor of 6 and f?
3
Let s(h) = -h**2 + 33*h - 24. Let f be s(28). Let g(x) = -11*x - 4. Let q be g(-3). Calculate the highest common factor of q and f.
29
Suppose 4*j - 3*g = 2 + 52, 4*g = 4*j - 56. Let n be (1 + 20)/(j/8). What is the greatest common divisor of 14 and n?
14
Suppose -4 - 35 = -3*o. Suppose 0 = -0*j - 6*j + 12. Suppose -j*v = v - 351. What is the highest common divisor of o and v?
13
Suppose 0 = 3*u - u - 242. Let i be (-9)/(-12) - 492/(-48). Calculate the greatest common factor of u and i.
11
Let c(g) = 2*g**3 - 3*g**2 - g - 1. Let q = 9 - 5. Let x be c(q). Suppose -5*j = 3*s - x, -3*s - 2*s = 0. What is the highest common factor of 60 and j?
15
Let d = -10 + 44. Let v = 64 + -60. Let j be (-2)/v*-4 + d. What is the highest common divisor of 9 and j?
9
Let v = -185 - -394. Calculate the highest common factor of 19 and v.
19
Let w = -474 - -817. What is the greatest common divisor of w and 196?
49
Suppose -36 = -15*u + 13*u. Suppose 3*l - 604 = 2*t, -4*t - 5 = -3*t. What is the greatest common factor of l and u?
18
Let n(t) = -t**3 - 7*t**2 - 2*t - 4. Let x be n(-6). Let y = x + 50. Suppose 0 = 2*g - 16 - y. Calculate the highest common divisor of g and 38.
19
Let f be ((-320)/6)/(-4) - (-2)/3. Calculate the highest common divisor of f and 2.
2
Suppose 0 = 4*j - 3*v - 321, v - 3*v = -4*j + 326. Suppose -2*q + 4 + 52 = 0. What is the greatest common factor of j and q?
28
Suppose -3*j + 4*j - 8 = 0. Let b be (22/j)/(3/36). What is the highest common factor of 11 and b?
11
Let b be (-39)/26*8/(-3). Suppose 29 = b*m - 11. What is the greatest common divisor of m and 10?
10
Suppose -2*a = 2*q + 3*a - 145, -3*q - 3*a + 195 = 0. Calculate the highest common factor of 270 and q.
30
Suppose 4*r - 12 - 8 = 0. Let z = -36 + 46. What is the highest common divisor of r and z?
5
Suppose -4*v = 4, -2*v - v = -5*x + 183. Let l = 6 - 1. Suppose 2*h + 3*g - 4*g = 178, 0 = l*h + 3*g - 456. What is the highest common factor of x and h?
18
Suppose -3*t + 0*t + 4*s = -87, 5*s = -4*t + 116. Let h be 60/1 - (-2)/(-1). Calculate the greatest common factor of h and t.
29
Let d be 516 + ((0 - -3) + -3)/2. Calculate the greatest common divisor of d and 12.
12
Let k(r) = 3*r**2 - 23*r + 56. Let p be k(3). What is the highest common factor of 252 and p?
14
Let t = -80 + 92. Calculate the greatest common factor of t and 66.
6
Let x be 0/(1/1*2). Suppose 3*a - 12 = x, 89 + 50 = 5*p + a. Suppose -k - 4*h + 46 = 0, -4*h - 146 = -3*k + 24. Calculate the highest common divisor of p and k.
27
Let d = 20 - 18. Let n be 1/2*(-3 + 3). Suppose n = 3*a, r - 40 = -3*r - 2*a. What is the highest common divisor of r and d?
2
Let p be (20/15)/(9/810). What is the highest common divisor of 345 and p?
15
Let o be 20 - 18/(-15)*-5. What is the highest common divisor of 49 and o?
7
Let p be (57/(-6))/((-20)/40). What is the highest common factor of p and 513?
19
Let h be ((-4)/(-6) + (-69)/18)*-6. Let r = -93 + 112. Calculate the highest common divisor of r and h.
19
Suppose -k = -q + 6, 26*q = 22*q + k + 15. Calculate the highest common factor of q and 48.
3
Suppose -5*s + 10 = 5*i, 3*s - 5*i = 7 - 1. Suppose -w + 19 = w + 3*k, -10 = -s*k. Let j = 78 + w. What is the highest common divisor of j and 20?
20
Suppose 11*m - 465 = 140. What is the highest common factor of 154 and 